se -z + 5 - s = 0. What is the units digit of z?
4
Suppose t + 88 = z, 5*t - 358 = -3*z - 110. What is the tens digit of z?
8
Suppose s + 104 + 42 = x, 5*x = -2*s + 716. What is the hundreds digit of x?
1
Suppose -24 = 3*y - 105. What is the tens digit of y?
2
Let p = -1 + 6. Suppose s + 64 = p*s. Suppose r = f + 3, 4*f + r - s + 3 = 0. What is the units digit of f?
2
Let p(q) = -q**2 - 8*q + 1. Let i(x) = -x**3 - 8*x**2 - 7*x - 7. Let j be i(-7). Let l be p(j). Let w = 22 - l. What is the tens digit of w?
1
Suppose 4*z + 117 = 29. Let s = 58 + z. What is the tens digit of s?
3
Let o = 22 - 47. Let h = -65 + 104. Let t = h + o. What is the units digit of t?
4
Suppose v + 764 = 6*v - 4*g, -2*v + 4*g = -296. What is the hundreds digit of v?
1
Let y be (-100)/36 - (-4)/(-18). What is the units digit of 0 - y - 3 - -22?
2
Suppose o + 1 = 3*g + 12, -3*g + 1 = -4*o. Let d(f) = -f**2 - 6*f - 2. Let m be d(g). Suppose -30 = m*r - 6*r. What is the tens digit of r?
1
Let q(y) = y**3 - 5*y**2 - 5*y - 2. Let r be q(6). Suppose r*s - x = -3*x, -10 = s + 3*x. What is the units digit of s?
2
Suppose 0 = -9*w + 8*w + 158. What is the hundreds digit of w?
1
Suppose p - 8 = 5*p. Let d be 8/10*30/(-4). Let a = p - d. What is the units digit of a?
4
Suppose -3*t = -5*t + 72. Suppose t = -5*b + 6*b. What is the units digit of b?
6
Suppose -24 - 24 = -4*b. What is the units digit of b?
2
Let g(q) = -q**2 + 7*q - 6. Let r be g(5). Suppose 5*o - r*f + 6 = 13, 6 = 3*f. What is the units digit of o?
3
Let x = -63 + 93. Let y be (1/2)/(5/x). Suppose -4*r = -3*k - 50, -r + 8 = -y*k - 0. What is the units digit of r?
4
Suppose 0 = 3*y - 9, y = -2*v + 112 - 21. What is the tens digit of v?
4
What is the units digit of (861/(-28))/(1/(-8)*3)?
2
Let w be 722/7 + 2/(-14). Let z = w - 61. What is the units digit of z?
2
Let b(d) = -3*d**3 - d**2 + 3*d + 1. Let o be b(-2). Suppose -2*y + 9 = -o. Let x = 24 - y. What is the units digit of x?
2
Let b(c) be the third derivative of -c**6/120 - c**2. What is the units digit of b(-2)?
8
Suppose 0*g - 5*g = -10. Suppose -6 = g*t - 14. What is the units digit of t?
4
Suppose -5*h + 23 = -92. What is the tens digit of h?
2
Suppose 3*l - 8*l + 230 = 0. What is the tens digit of l?
4
Suppose -519 = 27*b - 30*b. What is the tens digit of b?
7
Let c(p) = 14 + 12*p**2 - 2*p + 7*p + p**3 + 7*p. What is the units digit of c(-11)?
3
Let x(n) = n**3 - n**2 + 48. What is the units digit of x(0)?
8
Suppose 3*b = 5*f + 126, -183 = -3*b - 3*f - 57. What is the tens digit of b?
4
Let a(m) = -2*m**2 + 12*m + 4. Let o(y) = y**2 - 11*y - 3. Let d(z) = -2*a(z) - 3*o(z). Let s(f) = 3*f + 5. Let w be s(-5). What is the units digit of d(w)?
1
Let a = -5 + 19. Let d(g) = -g**2 - 11*g - 7. Let c be d(-10). Suppose -2*n = -c*n + a. What is the units digit of n?
4
Suppose 4*s = -j - 10 + 205, 189 = 4*s - j. What is the units digit of s?
8
Let t(c) = 2*c. Let m(x) = x**2 - 4*x + 3. Let w be m(4). Let u be t(w). Let l(a) = -a**2 + 5*a + 7. What is the units digit of l(u)?
1
Let j(v) = -3*v - 8. Let w be j(-6). Let q = -5 + w. What is the units digit of q?
5
Suppose w + 0 - 5 = 0. Suppose 5*u = -2*a + 8 - 0, 76 = 4*a - w*u. What is the units digit of a?
4
Suppose 4 = 4*j, 2*r - j - 84 = r. What is the units digit of r?
5
Suppose -8 - 9 = q + 5*v, q - 2*v = 11. What is the units digit of (0 - 9)*(-2)/q?
6
Let r(z) = z**3 + z**2 - 4*z + 3. Let s be r(2). Let i(p) = -8*p - 4 - p**3 + s*p + 9*p**2 + 12*p. What is the units digit of i(10)?
6
Suppose -3 = 2*j + 3. What is the tens digit of j/(-9) - (-128)/12?
1
Let u be (0/2)/((-1)/1). Suppose -v + u*v = -8. What is the units digit of v?
8
Let d(x) be the second derivative of -x**5/20 - x**4/2 - x**3/3 - 5*x**2/2 - x. What is the units digit of d(-6)?
7
Let v = -25 + 40. Suppose 2*y + y = v. Let k = 14 - y. What is the units digit of k?
9
Let f be (4/2 - 3) + -8. Let t be (f - 1)*2/(-4). Let c = 15 + t. What is the tens digit of c?
2
Suppose 3*t = 97 - 25. Suppose -q + 4 = 0, 5*o = 3*q + q + t. What is the units digit of o?
8
Suppose -s + 4 = 0, -5*r + 2*s + 15 = 3. Suppose -r*m + 5 + 47 = 0. What is the tens digit of m?
1
Let n(f) = f**3 - 7*f**2 + 7*f - 6. Let l be n(5). Let h = -5 - l. What is the units digit of h?
6
Let q be ((-9)/6)/((-6)/8). Let s(f) = 15*f + 1. Let z be s(5). Suppose q*p - p = 4*d - z, -3*p = -5*d + 88. What is the tens digit of d?
2
Let f be 3 + -2 + 4/1. Let g = f - 3. Suppose 48 = 4*p + 3*h, -g*h - 5 + 31 = 2*p. What is the units digit of p?
9
Let p(i) = 4*i**2 - 4 - i - 4*i**2 - 3*i**2 + 4*i**2. What is the units digit of p(-3)?
8
Let y = 54 - 27. Let g = -12 + y. What is the units digit of g?
5
Let k = 5 - 5. Suppose 0 = 2*r + 2*g + 4, k = g - 1 + 4. What is the units digit of r?
1
What is the tens digit of 3*((-38)/(-3))/2?
1
Let q(r) = r + 2. Let f be q(-10). Let v = 5 - -19. Let l = f + v. What is the units digit of l?
6
Let i = 80 + -53. What is the tens digit of i?
2
Let c(k) = -3*k - 7. What is the units digit of c(-4)?
5
Let y = 88 + -56. Let k = y + -13. What is the units digit of k?
9
Let b(f) be the second derivative of -f**5/20 - 11*f**4/12 - 5*f**3/2 - 6*f**2 - 7*f. What is the units digit of b(-10)?
8
Let b(x) = x**3 + 3*x**2 + x + 3. Let r be b(-3). Let i be ((r/(-2))/(-1))/(-2). Suppose -15 = 2*y - 3*l - 40, i = 5*y + 3*l - 52. What is the units digit of y?
1
Suppose -3*h + 30 = 5*w, 5*h + 0*h - 10 = 5*w. Let s be 2*((-3)/(-2) + -2). Let a = h + s. What is the units digit of a?
4
Let d(u) = -u + 7. Let y be d(0). Suppose -3*m + y*m - 2*k = 0, -4*k = -4*m. Suppose 6*i - 2*i - 4 = m. What is the units digit of i?
1
Suppose -k - 4 = -3*k. Suppose 34 = 3*p + h, 0*h - 9 = -p + k*h. What is the tens digit of p?
1
Let o(j) = -j - 2. Let r be o(-2). Suppose -u - 4*u + 3*m + 83 = r, 4 = m. What is the tens digit of u?
1
Suppose 0 = -2*t - 4*t + 66. What is the tens digit of t?
1
Suppose -235 = -5*n + 5*g, 0*n - 3*g = 4*n - 195. What is the units digit of n?
8
Let u(o) = o + 2. Let i be u(3). Let y = 8 - i. What is the units digit of y?
3
Let b(g) = g**3 + 14*g**2 - 8. What is the tens digit of b(-10)?
9
Suppose -6*t + 20 = -t. Suppose -2*p = -3*p + 20. Suppose -4*a + m = -p - 19, 0 = -a - t*m - 3. What is the units digit of a?
9
Suppose y + 4*g = 2, 0*y - 61 = -3*y - g. Let w = y + -3. What is the tens digit of w?
1
Let q be 3/(-12)*2*0. Suppose -3*y = -q*y. Suppose y*z - 18 = -2*z. What is the units digit of z?
9
Suppose 2*j + 4*y = 3*y + 263, -5*y - 519 = -4*j. What is the units digit of j?
1
Let f be (-43)/1 - (8 + -6). What is the units digit of (-15)/((f/6)/5)?
0
Suppose -4*g + 0*g + 4 = 0. What is the units digit of -4*27/(-6) - g?
7
Let n = -4 + 12. What is the units digit of n?
8
Let k = -35 - -25. Let w = k - -7. What is the units digit of ((-4)/w)/(2/12)?
8
Let a be 0/5 - (-4 - -1). Suppose -4*z + 17 = a*p, 0*p + 4 = -z + 2*p. What is the units digit of z?
2
What is the units digit of ((-18)/(-27))/(2/165)?
5
Let a(q) = q**2 + 5*q + 4. Let b be a(-4). Suppose -3*i + 7*i - 60 = b. What is the units digit of i?
5
Let y = -8 - -24. What is the tens digit of y?
1
Let c = -4 + 4. What is the units digit of 1/(c + (-2)/(-16))?
8
Let r = 83 + -45. What is the tens digit of r?
3
Suppose 4 = -3*c - 2. What is the units digit of -1 + (2 - 2 - c)?
1
Let c = 3 - 5. What is the units digit of ((-20)/(-25))/(c/(-10))?
4
Let j(x) = x + 1. Let p be j(-6). Let s(h) = h**3 + 7*h**2 + 4*h. What is the tens digit of s(p)?
3
Suppose y + 1 = 3. What is the tens digit of (4/3)/(y/42)?
2
Suppose 3*v + 22 = -0*d + d, -2*v + 4 = 4*d. Let a(j) = -j - 3. Let c be a(v). Suppose 1 = l - c. What is the units digit of l?
4
Let d = -3 + 12. What is the units digit of d?
9
Let w(i) = -3*i - 19. Let r be w(-13). Suppose -k - k = -r. What is the units digit of k?
0
Suppose 4*p = 2*s - p - 168, -4*s = -p - 372. What is the tens digit of s?
9
Suppose -7*r - 74 = -6*r. What is the tens digit of (20/8 - 3)*r?
3
Let q(y) = y + 28. Let j be q(-12). What is the units digit of (-4)/j - 45/(-4)?
1
Suppose 0 = 5*o - 2*j - 19, 0*o - j = 4*o - 10. What is the units digit of o?
3
Suppose -4 = -g - 3*v, -4*g - 4*v + 0*v + 24 = 0. Let i be 79/11 - 4/22. Suppose -3*w = u - 2*u - g, -w = 2*u - i. What is the units digit of